. Suppose -w*y + 97 = -113. Calculate the greatest common factor of 10 and y.
10
Let s = 431 - 414. Calculate the highest common divisor of s and 17.
17
Let u = 8 - -1. Suppose q = 2*r - 52, 0 = 4*q + 7 + u. Calculate the greatest common divisor of r and 3.
3
Let q = -89 + 289. What is the highest common factor of 25 and q?
25
Suppose -3*r + h = -115, 5*h = 5*r - 227 + 52. Let m(p) = -30*p - 250. Let a be m(-9). Calculate the greatest common divisor of r and a.
20
Suppose 371*r - 362*r = 243. Calculate the greatest common divisor of r and 351.
27
Let o(n) = 5*n + 169. Let d be o(46). What is the highest common factor of 63 and d?
21
Suppose -g - 2*g = -48. Let m = -83 - -131. Calculate the greatest common divisor of m and g.
16
Let x = 0 + 174. Suppose 5*b + 5*h - 340 = -0*h, -3*b + 3*h = -x. Suppose g + 1 = -4*w, -g - 2*w = -3*g + 18. Calculate the greatest common divisor of g and b.
7
Suppose 0 = 5*x - 4*v + 8*v - 868, 3*x - 2*v = 512. What is the highest common divisor of 215 and x?
43
Suppose -219*x + 770 = -208*x. What is the greatest common divisor of 56 and x?
14
Suppose 85*n - 62*n - 25254 = 0. Calculate the greatest common factor of n and 54.
18
Let q = -527 - -1052. Calculate the highest common divisor of q and 50.
25
Let b = -19 + 41. Let s = 36 + -20. Suppose -2*l + b = -s. Calculate the highest common factor of l and 19.
19
Let w(b) = -3*b**3 - 2*b**2 - 3*b - 1. Let x be w(-2). Let f be (-1 - 1)/(36/126). Let v = x + f. Calculate the greatest common divisor of v and 70.
14
Let u(d) = -d**3 + 20*d**2 - 16*d + 32. Let z be u(8). Calculate the greatest common factor of 21 and z.
21
Let f be 3/2*112/42. Suppose 4*x - 164 = -3*q, f*q - x - 125 - 62 = 0. What is the greatest common divisor of 12 and q?
12
Let b(r) = 41*r - 2*r**2 + 7*r**2 - 37*r - 3*r**2 - 7. Let w be b(-4). Calculate the greatest common factor of 3 and w.
3
Let l(h) = -2*h**2 - 10*h - 2. Let y be l(-5). Let x(a) = -18*a**3 + 3*a**2 - 3. Let c be x(y). What is the greatest common divisor of 17 and c?
17
Suppose -5*a = -9*a - 36. Let j be 103 - (a/3 - -2). Let c be (4/6)/((-2)/(-39)). Calculate the highest common divisor of j and c.
13
Let f = 78 - 36. Suppose 5*p - 3*n - 8 = 16, 3*p - 22 = -2*n. Calculate the greatest common divisor of f and p.
6
Let v(d) = 4*d - 5. Let g be v(20). What is the highest common factor of g and 120?
15
Let w(q) = q**3 + 4*q**2 - 12*q - 13. Let r be w(-5). What is the highest common divisor of r and 594?
22
Let v be 0 + 1 + (13 + -6 - 3). Suppose 8 = 3*w - v*n - 31, w - 3*n = 9. What is the highest common divisor of 6 and w?
6
Suppose i - 3*w - 15 = 0, -2*i + i - 5*w + 23 = 0. Let m = i + -7. Suppose 3*h - 162 = -3*j, h + 4*j = 5*j + 56. What is the highest common factor of m and h?
11
Let y = 6 + 4. Let s(m) = -2*m**2 + 21*m - 4. Let c be s(y). Suppose -3*h = 2*p - 19, -p - 1 = 3*h - 5*h. What is the highest common divisor of c and h?
3
Let d(v) = v**3 - 20*v**2 + 51*v + 29. Let g be d(17). What is the highest common factor of g and 174?
29
Suppose -22 + 64 = 6*s. Calculate the greatest common factor of 63 and s.
7
Suppose 10*r - 7*r - 1436 = -5*s, -r - 1159 = -4*s. Calculate the greatest common factor of s and 102.
17
Suppose g + 0*w - 48 = -3*w, 2*g - 96 = -5*w. Suppose n = b + 28, -2*n + 10*b + 72 = 12*b. Calculate the highest common divisor of n and g.
16
Let v = 581 + -331. What is the greatest common divisor of v and 20?
10
Suppose -4*k = -6*k + 10, c + 5*k = 31. Let w be 0 + 6*2/c. Let z be w/((-1)/15*-2). Calculate the highest common divisor of 135 and z.
15
Let k = 127 - -33. Calculate the greatest common divisor of k and 10.
10
Let t be 9/108 - (-1259)/12. Calculate the highest common divisor of 135 and t.
15
Let f be (-7)/((-7)/30)*(-1157)/(-178). Calculate the greatest common divisor of 30 and f.
15
Suppose d + 4*g = 31, -3*d + 5*g + 11 = 3. Let m = d + -8. Let k = 3 - -12. Calculate the greatest common divisor of m and k.
3
Let o be (-1 - (7 - 7))/(2/(-22)). Calculate the greatest common factor of o and 297.
11
Let m = -2214 + 2316. What is the highest common divisor of 66 and m?
6
Let h(d) = d**2 + 28*d - 128. Let x be h(17). What is the highest common divisor of 91 and x?
91
Let p(m) = -m**3 - 3*m**2 + 18*m - 2. Let z be p(-8). What is the highest common divisor of z and 9?
3
Suppose 564 = 39*b - 1620. Let v be (-26)/(-8) - (-1)/(-4). Suppose 0 = 2*f - 4*c - 20, -6*f + v*f = -5*c - 32. Calculate the highest common factor of f and b.
14
Let s be -8*(-2)/4*-1. Let v be (s - -3)/(2/(-72)). Let k = 19 - 7. Calculate the greatest common divisor of k and v.
12
Let l be (-1)/4 - 21/12. Let h(g) = g**3 + 3*g**2 - 2. Let j be h(l). Let a be (8 - (-220)/(-30))/(2/6). What is the greatest common factor of a and j?
2
Let f = -2545 + 2575. What is the greatest common divisor of f and 1515?
15
Suppose 19*a = 21*a - 2. Let n(u) = 13*u**3 - u**2 - u + 1. Let m be n(a). Calculate the greatest common factor of m and 8.
4
Suppose 3*z - 6*y = -3*y + 21, 4*z = y + 43. Let v(t) = 148 - 153 + 0*t - 4*t + t**2. Let u be v(-7). What is the highest common divisor of z and u?
12
Suppose 0 = 4*d - 4 - 4. Let l be d*3 - (-4)/(-1). Suppose -4*p + 90 = -l*p. Calculate the greatest common divisor of p and 18.
9
Suppose 4*k - 592 = 4*c, -c + 586 = 4*k + c. Suppose -4*p - 13 = -97. Calculate the highest common divisor of k and p.
21
Let s(y) = 124*y**2. Let n be s(-1). Let x be -4*-6*1/8. Let g be ((-62)/x)/(8/(-12)). Calculate the highest common divisor of n and g.
31
Suppose -a - 5 = -10. Suppose 2*m + 2850 = -5*f, -5*m = -a*f - 789 - 2026. Let g = -392 - f. What is the greatest common factor of g and 16?
16
Let c be (-8)/14*22540/(-184). What is the greatest common divisor of c and 2275?
35
Suppose -5*t + 4*o = -63, 5*t + 5*o - 2 = 43. Let h be 119/3 - (-2)/(-3). Let b = -17 + h. Calculate the greatest common divisor of b and t.
11
Suppose 35*m + 2*m = 1332. What is the highest common divisor of 156 and m?
12
Suppose -2*t = -7*t - 375. Let k = 207 + t. Calculate the highest common factor of k and 12.
12
Suppose -22 = 3*o - 19. Let v(z) = 63*z**2 - z - 2. Let a be v(o). Let g be 618/4 + (-6)/(-12). Calculate the greatest common factor of a and g.
31
Let b = 42 - 40. Let j(a) = 2*a**3 - 3*a**2 - 2*a + 1. Let c be j(3). What is the greatest common factor of c and b?
2
Let b be (0 + -5)/(2 + 156/(-76)). Calculate the greatest common factor of 57 and b.
19
Suppose -2*g = 3*b - 8, 4*b - g = -2*g + 4. Let w be b - -1*(-160)/(-4). Let o = w + -23. What is the greatest common factor of 136 and o?
17
Let f = -322 - -474. Suppose -148*r + f*r - 40 = 0. Calculate the highest common factor of r and 5.
5
Let g be (-7 - (2 + 5))*-64. Calculate the highest common divisor of g and 28.
28
Let u be (6576/(-16))/(-2 - (1 + -2)). What is the greatest common factor of 3 and u?
3
Suppose 2*v = 4*i + i + 1264, 3*v + 3*i = 1917. What is the greatest common divisor of 26 and v?
13
Suppose -17064 = -24*n - 2280. What is the highest common divisor of n and 110?
22
Let k(m) = 17*m - 29. Let w be k(6). Let h = w - 19. What is the highest common factor of h and 27?
27
Let p(z) = -z**3 + 2*z**2 + 7*z + 9. Let u be p(-8). Let r = -307 + u. What is the greatest common divisor of 26 and r?
26
Let r be -4 + (11 - -855)/(-1 - -3). Calculate the highest common factor of r and 11.
11
Let a = 37 + -33. Suppose a*l - 92 = 4*h, 4*l - h - 90 = 4*h. Calculate the highest common factor of 250 and l.
25
Suppose -8*g + 169 = -247. What is the highest common divisor of g and 130?
26
Suppose 4*h - 2*f - 6 = 0, -h + 2*h = 2*f. What is the highest common divisor of h and 6?
2
Let b(h) = h**2 + h + 35. Let k be b(0). Suppose 0 = 10*o - k - 115. Calculate the highest common divisor of o and 105.
15
Let o = 111 - 1. What is the highest common divisor of o and 44?
22
Let n = 53 + -35. Suppose -2*r = 16 + 10. Let w = n + r. What is the highest common divisor of 45 and w?
5
Let k(y) = 3*y**3 + 25*y**2 - 14*y - 10. Let x be k(-8). Calculate the greatest common divisor of x and 415.
83
Let l = 101 - 46. What is the highest common factor of l and 605?
55
Suppose -8 = -5*q + 7. Suppose b + b + q*u = 247, 3*b - 372 = -4*u. Let p(l) = -14*l + 2. Let g be p(-1). What is the highest common factor of g and b?
16
Sup